7, 5176663
List the prime factors of 20738701.
20738701
List the prime factors of 1476629757.
3, 59, 5237
List the prime factors of 61502744.
2, 107, 71849
List the prime factors of 6711900.
2, 3, 5, 13, 1721
What are the prime factors of 5300959471?
71, 74661401
What are the prime factors of 755276399?
211, 3579509
List the prime factors of 37729193.
19, 104513
What are the prime factors of 1767762404?
2, 2803, 157667
What are the prime factors of 652442882?
2, 7, 13, 3584851
What are the prime factors of 3215685400?
2, 5, 19, 846233
List the prime factors of 29669451.
3, 7, 201833
What are the prime factors of 22445860?
2, 5, 31, 41, 883
What are the prime factors of 8860402?
2, 4430201
List the prime factors of 294998010.
2, 3, 5, 9833267
List the prime factors of 1391129797.
29, 3931, 12203
What are the prime factors of 190834577?
307, 621611
List the prime factors of 4940353800.
2, 3, 5, 103, 26647
List the prime factors of 43940388.
2, 3, 19, 439
What are the prime factors of 596977198?
2, 298488599
What are the prime factors of 3351593728?
2, 7, 267187
List the prime factors of 890684220.
2, 3, 5, 14844737
List the prime factors of 21443500.
2, 5, 13, 3299
List the prime factors of 131191101.
3, 31, 470219
What are the prime factors of 574503395?
5, 7481, 15359
What are the prime factors of 77256373?
77256373
What are the prime factors of 6497583378?
2, 3, 11, 13, 7572941
What are the prime factors of 186035531?
11, 16912321
What are the prime factors of 54209226?
2, 3, 17, 97, 5479
List the prime factors of 7696211.
7696211
List the prime factors of 165327610.
2, 5, 7, 2361823
List the prime factors of 94488137.
94488137
What are the prime factors of 11673664?
2, 179, 1019
What are the prime factors of 9309092?
2, 13, 179021
What are the prime factors of 213013440?
2, 3, 5, 37, 1999
What are the prime factors of 225475916?
2, 337, 167267
What are the prime factors of 47068080?
2, 3, 5, 196117
List the prime factors of 4579217291.
11, 17, 2226163
What are the prime factors of 107574273?
3, 181, 66037
List the prime factors of 7238437.
1559, 4643
What are the prime factors of 350085461?
11, 23, 1383737
What are the prime factors of 590578719?
3, 37, 41, 129769
What are the prime factors of 307952167?
67, 4596301
List the prime factors of 114936968.
2, 14367121
What are the prime factors of 2928356722?
2, 19, 29, 109, 24379
What are the prime factors of 1343285800?
2, 5, 29, 31, 241
What are the prime factors of 192268373?
11, 2617, 6679
What are the prime factors of 236992192?
2, 251, 14753
List the prime factors of 6023116294.
2, 13, 31, 7472849
What are the prime factors of 1065211425?
3, 5, 1578091
What are the prime factors of 80205820?
2, 5, 293, 13687
What are the prime factors of 27926480?
2, 5, 349081
List the prime factors of 4788337865.
5, 957667573
What are the prime factors of 9113197881?
3, 3037732627
List the prime factors of 26815100.
2, 5, 13, 20627
What are the prime factors of 87316881?
3, 139, 209393
What are the prime factors of 2108020160?
2, 5, 157, 41959
What are the prime factors of 426863652?
2, 3, 19, 251, 7459
List the prime factors of 1159995225.
3, 5, 23, 613, 1097
List the prime factors of 1487944200.
2, 3, 5, 31, 79997
List the prime factors of 143807471.
17, 8459263
What are the prime factors of 69503442?
2, 3, 173, 66959
List the prime factors of 5133425040.
2, 3, 5, 2089, 3413
What are the prime factors of 1797311?
1249, 1439
List the prime factors of 573399309.
3, 7, 19, 41, 35051
What are the prime factors of 722339359?
7, 19, 5431123
List the prime factors of 1275763914.
2, 3, 73, 89, 10909
What are the prime factors of 219997610?
2, 5, 7, 641, 4903
What are the prime factors of 169727569?
11, 15429779
List the prime factors of 92241261.
3, 7, 162683
List the prime factors of 200908769.
149, 1348381
What are the prime factors of 438714552?
2, 3, 29, 43, 107, 137
List the prime factors of 134994973.
1823, 74051
What are the prime factors of 73698792?
2, 3, 3070783
List the prime factors of 452743557.
3, 7, 1117, 19301
What are the prime factors of 481415328?
2, 3, 1671581
What are the prime factors of 37566754?
2, 18783377
List the prime factors of 595841179.
8527, 69877
What are the prime factors of 16293216?
2, 3, 43, 3947
What are the prime factors of 6629164709?
6203, 1068703
What are the prime factors of 416330219?
211, 1973129
List the prime factors of 51015735.
3, 5, 1133683
What are the prime factors of 2628114965?
5, 7, 41, 563, 3253
List the prime factors of 916536363.
3, 271, 1127351
What are the prime factors of 1365289234?
2, 277, 2464421
What are the prime factors of 3866802922?
2, 1933401461
List the prime factors of 961548855.
3, 5, 31, 157, 13171
List the prime factors of 251959917.
3, 11, 23, 29, 11447
What are the prime factors of 2345540053?
2345540053
What are the prime factors of 3349241752?
2, 73, 5735003
What are the prime factors of 334799027?
5987, 55921
What are the prime factors of 4024789772?
2, 14887, 67589
List the prime factors of 217045618.
2, 23, 149, 31667
List the prime factors of 266223994.
2, 83, 673, 2383
What are the prime factors of 170828026?
2, 433, 197261
List the prime factors of 1126588002.
2, 3, 187764667
List the prime factors of 148395067.
148395067
List the prime factors of 4703209765.
5, 17659, 53267
List the prime factors of 1777597.
89, 19973
List the prime factors of 288226522.
2, 37, 105269
What are the prime factors of 44168018?
2, 431, 51239
List the prime factors of 1807985711.
7, 258283673
What are the prime factors of 3354828553?
23, 103, 1416137
List the prime factors of 36038424.
2, 3, 23, 65287
What are the prime factors of 3922426331?
43, 61, 307, 4871
What are the prime factors of 5360972463?
3, 7, 11, 7735891
What are the prime factors of 660653684?
2, 197, 838393
List the prime factors of 424926063.
3, 47214007
What are the prime factors of 54860760?
2, 3, 5, 79, 643
List the prime factors of 83718105.
3, 5, 41, 197, 691
What are the prime factors of 942967100?
2, 5, 9429671
List the prime factors of 457994005.
5, 7, 13085543
List the prime factors of 338735939.
338735939
What are the prime factors of 47639550?
2, 3, 5, 7, 59, 769
List the prime factors of 45066467.
31, 47, 30931
What are the prime factors of 349149533?
349149533
List the prime factors of 154763328.
2, 3, 806059
What are the prime factors of 198469851?
3, 66156617
List the prime factors of 329925786.
2, 3, 54987631
What are the prime factors of 1797480279?
3, 7, 4075919
List the prime factors of 239383902.
2, 3, 17, 138053
What are the prime factors of 697572424?
2, 17, 277, 18517
List the prime factors of 79012887.
3, 19, 43, 32237
What are the prime factors of 728149002?
2, 3, 7, 17336881
What are the prime factors of 408327518?
2, 19, 599, 17939
List the prime factors of 172418175.
3, 5, 43, 71, 251
List the prime factors of 84413859.
3, 43, 654371
What are the prime factors of 6869433388?
2, 1717358347
List the prime factors of 195066775.
5, 37, 227, 929
What are the prime factors of 1061401180?
2, 5, 7, 19, 399023
What are the prime factors of 3840506756?
2, 960126689
List the prime factors of 607321299.
3, 13, 67, 3469
What are the prime factors of 58647394?
2, 13, 167, 1039
List the prime factors of 1527141688.
2, 17, 11228983
What are the prime factors of 98478098?
2, 49239049
What are the prime factors of 233586948?
2, 3, 7, 2780797
What are the prime factors of 256870191?
3, 179, 478343
List the prime factors of 2139351340.
2, 5, 7, 15281081
What are the prime factors of 17059337?
29, 761, 773
List the prime factors of 43913399.
1229, 35731
List the prime factors of 608174.
2, 7, 43441
List the prime factors of 53129828.
2, 17, 781321
List the prime factors of 2996524146.
2, 3, 7, 11, 132367
List the prime factors of 349177267.
67, 271, 19231
List the prime factors of 1999690724.
2, 499922681
List the prime factors of 2094011404.
2, 241, 2172211
List the prime factors of 132166994.
2, 66083497
What are the prime factors of 41265763?
7, 11, 535919
What are the prime factors of 14449464?
2, 3, 101, 1987
List the prime factors of 939316469.
7, 13, 10322159
List the prime factors of 60277834.
2, 29, 35837
List the prime factors of 1374856086.
2, 3, 229142681
